ousands digit of 80464?
0
What is the thousands digit of 48530?
8
What is the ten thousands digit of 1084461?
8
What is the hundred thousands digit of 382084?
3
What is the units digit of 1714907?
7
What is the tens digit of 33454?
5
What is the ten thousands digit of 160012?
6
What is the hundred thousands digit of 2440831?
4
What is the tens digit of 161363?
6
What is the tens digit of 2726175?
7
What is the tens digit of 284130?
3
What is the ten thousands digit of 6379766?
7
What is the units digit of 2810195?
5
What is the hundreds digit of 118511?
5
What is the hundreds digit of 1054291?
2
What is the tens digit of 1262074?
7
What is the units digit of 4536059?
9
What is the hundred thousands digit of 18218859?
2
What is the hundred thousands digit of 1987800?
9
What is the millions digit of 4538535?
4
What is the hundred thousands digit of 300009?
3
What is the ten thousands digit of 2577269?
7
What is the units digit of 439549?
9
What is the units digit of 7776968?
8
What is the millions digit of 3309046?
3
What is the units digit of 216568?
8
What is the ten thousands digit of 316329?
1
What is the hundred thousands digit of 15089696?
0
What is the units digit of 386356?
6
What is the hundreds digit of 189633?
6
What is the ten thousands digit of 3192383?
9
What is the hundreds digit of 88585?
5
What is the millions digit of 9482623?
9
What is the hundreds digit of 21051033?
0
What is the units digit of 194185?
5
What is the hundred thousands digit of 204750?
2
What is the ten thousands digit of 6607987?
0
What is the millions digit of 9536796?
9
What is the ten thousands digit of 31175?
3
What is the hundreds digit of 399755?
7
What is the units digit of 16005380?
0
What is the hundred thousands digit of 1586395?
5
What is the thousands digit of 554597?
4
What is the thousands digit of 234858?
4
What is the units digit of 163694?
4
What is the tens digit of 8457136?
3
What is the thousands digit of 388453?
8
What is the ten thousands digit of 140396?
4
What is the hundred thousands digit of 37965764?
9
What is the ten thousands digit of 1220368?
2
What is the units digit of 116114?
4
What is the thousands digit of 81750?
1
What is the hundreds digit of 1627119?
1
What is the millions digit of 1407962?
1
What is the hundreds digit of 3362580?
5
What is the hundred thousands digit of 926106?
9
What is the units digit of 6214069?
9
What is the units digit of 81690?
0
What is the hundreds digit of 1051871?
8
What is the tens digit of 12576?
7
What is the ten thousands digit of 115024?
1
What is the tens digit of 5524468?
6
What is the hundred thousands digit of 1265408?
2
What is the thousands digit of 106444?
6
What is the tens digit of 1544394?
9
What is the hundred thousands digit of 225861?
2
What is the ten thousands digit of 13613?
1
What is the hundred thousands digit of 474777?
4
What is the hundred thousands digit of 201116?
2
What is the thousands digit of 5869458?
9
What is the hundred thousands digit of 3944180?
9
What is the thousands digit of 77091?
7
What is the hundred thousands digit of 359460?
3
What is the units digit of 9181527?
7
What is the hundred thousands digit of 1527703?
5
What is the units digit of 398694?
4
What is the millions digit of 24469868?
4
What is the ten thousands digit of 223032?
2
What is the units digit of 255022?
2
What is the tens digit of 292374?
7
What is the tens digit of 1894412?
1
What is the hundreds digit of 269764?
7
What is the units digit of 606364?
4
What is the hundreds digit of 407883?
8
What is the thousands digit of 21985?
1
What is the ten thousands digit of 704648?
0
What is the units digit of 416078?
8
What is the hundreds digit of 2027681?
6
What is the hundred thousands digit of 2943038?
9
What is the units digit of 10979458?
8
What is the hundreds digit of 814473?
4
What is the thousands digit of 73949?
3
What is the tens digit of 8611807?
0
What is the hundreds digit of 2909408?
4
What is the hundred thousands digit of 19420825?
4
What is the thousands digit of 141527?
1
What is the millions digit of 9691974?
9
What is the thousands digit of 913617?
3
What is the thousands digit of 379880?
9
What is the hundreds digit of 367448?
4
What is the units digit of 217169?
9
What is the hundreds digit of 10980845?
8
What is the hundred thousands digit of 124206?
1
What is the millions digit of 4283322?
4
What is the millions digit of 14265218?
4
What is the hundred thousands digit of 4297520?
2
What is the hundred thousands digit of 449770?
4
What is the thousands digit of 134053?
4
What is the tens digit of 104553?
5
What is the hundred thousands digit of 628343?
6
What is the units digit of 3552670?
0
What is the hundreds digit of 2314676?
6
What is the hundred thousands digit of 212324?
2
What is the ten thousands digit of 195691?
9
What is the units digit of 1123070?
0
What is the hundreds digit of 130307?
3
What is the hundred thousands digit of 837606?
8
What is the thousands digit of 49499?
9
What is the ten millions digit of 26069161?
2
What is the thousands digit of 6475396?
5
What is the units digit of 2966751?
1
What is the hundreds digit of 3590721?
7
What is the units digit of 87938?
8
What is the thousands digit of 9971065?
1
What is the ten thousands digit of 172963?
7
What is the ten millions digit of 11999963?
1
What is the hundreds digit of 25721275?
2
What is the thousands digit of 223326?
3
What is the units digit of 366932?
2
What is the ten thousands digit of 595177?
9
What is the hundreds digit of 24665921?
9
What is the millions digit of 1335907?
1
What is the millions digit of 5742273?
5
What is the thousands digit of 974204?
4
What is the ten thousands digit of 2417185?
1
What is the millions digit of 7008190?
7
What is the millions digit of 2592322?
2
What is the ten thousands digit of 20594451?
9
What is the thousands digit of 158517?
8
What is the thousands digit of 8641506?
1
What is the thousands digit of 1164144?
4
What is the hundred thousands digit of 5760203?
7
What is the ten thousands digit of 335331?
3
What is the units digit of 29678?
8
What is the hundreds digit of 24248584?
5
What is the thousands digit of 3861176?
1
What is the ten thousands digit of 232425?
3
What is the millions digit of 1030757?
1
What is the millions digit of 4652121?
4
What is the thousands digit of 28993334?
3
What is the tens digit of 459169?
6
What is the hundred thousands digit of 5498816?
4
What is the ten thousands digit of 36023936?
2
What is the hundreds digit of 267040?
0
What is the thousands digit of 3199083?
9
What is the units digit of 374977?
7
What is the thousands digit of 524968?
4
What is the tens digit of 25473176?
7
What is the hundred thousands digit of 4014783?
0
What is the units digit of 1070014?
4
What is the tens digit of 595493?
9
What is the hundreds digit of 10010025?
0
What is the hundreds digit of 43027?
0
What is the thousands digit of 476197?
6
What is the thousands digit of 946760?
6
What is the units digit of 1651664?
4
What is the millions digit of 6620182?
6
What is the hundred thousands digit of 16001973?
0
What is the hundred thousands digit of 1218218?
2
What is the hundred thousands digit of 1426417?
4
What is the thousands digit of 4166537?
6
What is the ten thousands digit of 1903052?
0
What is the hundred thousands digit of 367061?
3
What is the hundred thousands digit of 1033830?
0
What is the units digit of 46097?
7
What is the ten thousands digit of 290746?
9
What is the ten thousands digit of 86298?
8
What is the tens digit of 202191?
9
What is the thousands digit of 167627?
7
What is the ten thousands digit of 641448?
4
What is the units digit of 7878340?
0
What is the tens digit of 1568115?
1
What is the tens digit of 32189?
8
What is the units digit of 8048200?
0
What is the thousands digit of 776031?
6
What is the hundred thousands digit of 148545?
1
What is the hundreds digit of 2906162?
1
What is the thousands digit of 589345?
9
What is the millions digit of 7665317?
7
What is the ten thousands digit of 1646251?
4
What is the thousands digit of 1156494?
6
What is the units digit of 260954?
4
What is the tens digit of 47417?
1
What is the thousands digit of 1188785?
8
What is the hundreds digit of 651633?
6
Wha